 is the hundreds digit of 61737/65 - (-3 - (-14)/5)?
9
Suppose 80 = -4*g + b, -5*g - 3*b = 40 + 43. Let n = g + 22. Suppose 19 - 145 = -n*v. What is the units digit of v?
2
Let i be (-2 - 0)*824/(-16). Suppose o - 78 = -5*d, o - d + 1 - i = 0. Suppose -52 - 4 = -l - 4*p, -3*l + 2*p = -o. What is the tens digit of l?
3
Suppose 0 = 3*m + 2*r - 39, -4*m + 36 = -2*m - 2*r. Let p = m + -5. Suppose y - p = -n, -2*n - n = -2*y. What is the units digit of y?
6
Let m be 262/14 + (-2)/(-7). Let l = -31 - -95. Suppose -l = -5*n - m. What is the units digit of n?
9
Suppose -i - 19 + 78 = 0. Let b(s) = -s - 5. Let u be b(-7). Suppose 9 = u*h - i. What is the units digit of h?
4
Suppose 5*d - 3952 = -2*y, y + 8 = 4. What is the units digit of d?
2
Suppose -16 = 7*i - 3*i, -5*i - 17 = k. Suppose 84 = g - 5*o - 79, -k*o - 12 = 0. What is the tens digit of g?
4
Let p = 16989 + -11941. What is the hundreds digit of p?
0
Let p(d) = 3*d - 56 + 47 - 2*d + 11*d**2. What is the units digit of p(5)?
1
Suppose 23*w = 22*w + 110. What is the hundreds digit of w?
1
Let i(w) = -w. Let a(x) = 4*x + 24. Let y(v) = a(v) + 3*i(v). What is the units digit of y(8)?
2
Let r be 1435/7*(-2)/(-5). Suppose 0 = -o - 10 + r. What is the units digit of o?
2
Suppose -2*s + 47 + 121 = 0. Suppose 13 = -y + s. Let k = 114 - y. What is the tens digit of k?
4
Suppose -8*u + 8 = -6*u. Suppose 5*t + 3*j = 6, -t + 4*t = 4*j + 21. Suppose 5*b = 15, t*p - u*b + 2*b = 48. What is the units digit of p?
8
Suppose 0*b - 1605 = 3*b. Let u be (-1)/(-2) - b/10. Suppose 7*k - u = k. What is the units digit of k?
9
Let n be 21/(-168) - (2/1)/(-16). Let s(x) be the first derivative of -x**2/2 + 28*x - 2. What is the tens digit of s(n)?
2
Let h = 68 + 58. Suppose 0 = -11*i + 10*i + h. What is the tens digit of i?
2
Let m(h) = h + 1. Let r be m(-1). Suppose 3*n - 29 = 5*t + 16, -n = -3*t - 11. Suppose -2*i + 0 + n = r. What is the units digit of i?
0
Suppose -725 = -3*r + 8*r. Let s = -97 - r. What is the tens digit of s?
4
Suppose -43*l - 93 = -12*l. Let j(h) = -4 + h + 3 + 2*h**2 + 6. What is the tens digit of j(l)?
2
Suppose -2*v = -11*v + 1035. Suppose 2*c = 1 + v. What is the tens digit of c?
5
Let z(j) = 2*j**3 + 2*j**2 - 2*j + 2. Let i(x) = 4*x**3 + 4*x**2 - 4*x + 3. Let k(v) = 2*i(v) - 5*z(v). What is the tens digit of k(-3)?
2
Suppose 0 = 3*k - 9 - 0. Suppose -454 = -k*n + x, 2*x = -2*n + 90 + 226. What is the hundreds digit of n?
1
Let p(c) = -46*c - 14. Let a be p(-11). Suppose 0 = q + 3*q - a. What is the hundreds digit of q?
1
Suppose 11 = 5*q - 4. Suppose k - 480 = -q*k. What is the units digit of ((-18)/5)/((-18)/k)?
4
Suppose -213 = -13*u - 44. Suppose -8*n = -u*n + 860. What is the units digit of n?
2
Let q = -5068 + 7211. What is the hundreds digit of q?
1
Let o = 1571 - -244. What is the hundreds digit of o?
8
Let x(y) = y**3 + 4*y**2 - 13*y - 2. Let t be x(-6). Suppose t*s - 730 = -6*s. What is the units digit of s?
3
Suppose 0 = -106*q + 123*q - 18258. What is the hundreds digit of q?
0
Let z(r) = r**3 + 14*r**2 + 11*r + 14. Suppose -4*q + 14 = -5*k, -4*q = k - 6*q + 4. Let o(v) = 7*v + 1. Let n be o(k). What is the units digit of z(n)?
0
Let c(s) = -7*s - 48. Let y be c(25). Let l = -55 - y. What is the tens digit of l?
6
Suppose -4*k - 1 = -5*k. Let v(f) = 62*f**2 + f - 1. Let d be v(k). Suppose p - 3*p = -d. What is the tens digit of p?
3
Let u = 280 - 104. What is the units digit of u?
6
Suppose -2*p + 3768 = 4*c, 3*p - 5*c - 1991 = 3628. What is the hundreds digit of p?
8
Suppose 0 = 4*l - 5*f - 20 + 2, -4*l - 3*f + 2 = 0. Suppose 4*y = 8*y + 2*z + l, -2*z - 2 = -5*y. Suppose y = -0*u - 4*u + 4. What is the units digit of u?
1
Suppose -3*b - 2*g = -3 - 2, 2*b + 10 = 2*g. What is the units digit of ((-84)/(-70))/(b + 187/185)?
1
Let r(c) = 5*c**2 + c + 12. Let y(m) = -5*m**2 - m - 9. Let o(p) = -4*r(p) - 5*y(p). Suppose -4*l = l + 15. What is the units digit of o(l)?
9
Let a = -1 + 103. Let o = -46 + a. Let f = 87 - o. What is the tens digit of f?
3
Let t be -1 + (3 - (-1 + 0)). Suppose -5*o = p + 8, -t*p + 10 = -o - o. What is the tens digit of (-24)/o - (2 - 2)?
1
Let o(w) = 322*w**2 - 328*w**2 + 4 + 0 + w**3. What is the units digit of o(6)?
4
Suppose 32 = u + 180. Let h be 1 + (204 - 15/(-5)). Let x = h + u. What is the units digit of x?
0
Let x be 77/14 + -3 - (-1)/(-2). Suppose a - 175 = -c + 100, 0 = 5*c + x*a - 1363. What is the units digit of c?
1
Let a(q) = q**3 + 11*q**2 - 34*q - 27. What is the units digit of a(7)?
7
What is the units digit of -59*(0 - (5 + 5 + -1))?
1
Let c(f) = 16*f + 1. Let n(g) = -32*g - 1. Let x(l) = 5*c(l) + 3*n(l). Let v be x(1). Let m = 1 - v. What is the tens digit of m?
1
Let p(j) = j**2 - 23*j + 143. Let n be p(11). Let c(q) = -8*q + 0*q + 0*q**2 - 2 - 10*q**2 + q**3. What is the tens digit of c(n)?
3
Let s(l) = 1025*l**2 - 4*l + 16. What is the hundreds digit of s(2)?
1
Let v be ((-10)/(-4))/(3 + 15/(-6)). Suppose -716 = -v*t - o - 2*o, 0 = -3*t + o + 438. What is the tens digit of t?
4
Suppose 397 = 5*v - 3*k, 3*v - 2*k = k + 243. Suppose -v*b + 164 = -76*b. What is the hundreds digit of b?
1
Suppose 26*s - 11*s - 4890 = 0. What is the units digit of s?
6
Let c(z) = -3*z + 1 + 2*z + 1 - 4. Let y be c(-8). What is the tens digit of y*7/(42/20)?
2
Let w = 266 - -932. Suppose 0 = -14*n + 3550 - w. What is the hundreds digit of n?
1
Suppose -16*z = 587 - 8283. What is the tens digit of z?
8
Let f = 8 + 1. What is the hundreds digit of 1/3*479 + 3/f?
1
Let g(u) be the third derivative of u**5/10 + 5*u**4/24 - 4*u**3/3 + 5*u**2 - 5*u. What is the units digit of g(5)?
7
Let x(o) = -6*o**2 - 8*o + 48. Let v(i) = -2*i**2 - 3*i + 16. Let h(l) = 8*v(l) - 3*x(l). What is the tens digit of h(6)?
5
Let p(a) be the first derivative of -33*a**2/2 - 33*a + 29. What is the units digit of p(-7)?
8
Let i be 2/4 + (-492)/(-8). Suppose -474 = -4*p + i. What is the tens digit of p?
3
Suppose j - 33 = -2*i - 0*j, 5*i = j + 79. Let r = 33 - i. Let l = r - -3. What is the tens digit of l?
2
Let m = 2242 - 1113. What is the units digit of m?
9
Let r(w) = w**3 - 2*w**2 - 72*w - 11. What is the thousands digit of r(18)?
3
Let b(s) = 2*s**2 + s - 4. Let d be b(-2). What is the units digit of -14*(0 + (-4)/d)?
8
Let u = -7 - -7. Suppose -2*i + g - 67 = u, -4*i - 140 = 5*g - g. Let k = i - -57. What is the units digit of k?
3
Let m = -4 + -18. Let o = m + 15. What is the units digit of -1*o/((-21)/(-36))?
2
Let j be (-2 - (-52451)/35) + (-3)/5. Suppose 0 = -5*d - 256 + j. What is the tens digit of d?
4
Let v(c) = -4*c + 38. What is the units digit of v(-15)?
8
Let c be 12/(-90) + 3154/30. Let t = 182 - c. What is the tens digit of t?
7
Let w(h) = 6*h**3 - 9*h**2 - 4*h + 94. What is the hundreds digit of w(7)?
6
Suppose -4*c = -12, -4*i + 2*c = -3*c + 7. Let w be i/4*(9 + -5). Suppose f - w*f + 4 = 0. What is the units digit of f?
4
Suppose 53*z = 50*z + 78. Let c be 3*23/(-3)*-1. Suppose 0 = -c*d + z*d - 6. What is the units digit of d?
2
Let x(k) = 8*k**2 - 14*k + 84. What is the hundreds digit of x(20)?
0
Suppose 0 = -7*c + 6*c + 28. Let q = 56 + c. What is the tens digit of q?
8
Suppose -6*c - 426 = -12*c. Suppose -p = 2*d - c, -d + 0*p = 4*p - 18. Suppose -d = -2*v + 84. What is the units digit of v?
1
Let q(x) = x**2 - 8*x + 4. Let h = -22 + 19. Let l be -2 - h - (-7 + 0). What is the units digit of q(l)?
4
Let h(p) = -p + 1. Let f be h(4). What is the units digit of 20/15 + (-200)/f?
8
Let n be 576 + (2/2 - 1). Suppose 0 = -5*s + 2*s + n. What is the hundreds digit of s?
1
Let p be 6/(-33) - (-4)/(-11)*-1667. What is the tens digit of ((-30)/(-45))/((-604)/p + 1)?
0
Let w(x) = 10*x**2 + 4*x - 3. Let v be w(2). Let y be 2*(v/6)/3. Suppose y*f - 56 = f. What is the tens digit of f?
1
Suppose -5*w - 3084 = -9694. What is the hundreds digit of w?
3
Let h(g) = g**2 + 37*g + 898. What is the hundreds digit of h(0)?
8
Suppose -1 = 2*b - 9, -x + 90 = 5*b. What is the tens digit of x?
7
Let y = 12 + -13. Let k be (1 + -1)/(-3) - y. What is the tens digit of (2 - (-9 + 2)) + k?
1
Let o = -906 - -1756. What is the units digit of o?
0
Let p(z) = -z**3 - 15*z + 2. Let o be p(7). Let h = 638 + o. What is the hundreds digit of h?
1
Suppose -4*d + 143 = 2*t - 873, -5*d + 2*t = 